 i = 39 - 47. Let m(o) = 15*o + 21. Let u(p) = 8*p + 11. Let z(k) = -3*m(k) + 5*u(k). Let f be z(i). What is the greatest common factor of f and 48?
16
Let r = 6 - 11. Let d = 13 + r. Suppose 0 = n - 63 + d. Calculate the highest common divisor of n and 11.
11
Let w = 0 + 2. What is the greatest common factor of w and 2?
2
Let u be 5586/(-21) + (-4)/2 + 0. Let k(t) = -10*t**2 - 3*t - 2. Let y be k(6). Let d = u - y. Calculate the highest common divisor of 14 and d.
14
Let i be (4 - -5)/(2/14). Suppose -m - 23 = -2*m. Suppose m = 2*h + 5. What is the greatest common divisor of i and h?
9
Let h = -21 + 39. Suppose -3*c + 45 = h. What is the greatest common factor of c and 9?
9
Let u be -4 + 3 + (-2 - -4). Suppose -2*f - 20 = -3*p, 2 - u = p + 5*f. What is the greatest common factor of 48 and p?
6
Let y = 19 + -15. Suppose 0*z - 31 = -y*v - z, -4*v = -z - 33. Let f(k) = 4*k - 4. Let c be f(6). Calculate the greatest common factor of v and c.
4
Suppose -4*n + 784 = 3*n. Calculate the greatest common divisor of 16 and n.
16
Let v be (0 + 8)*5/2. Suppose -5*w = 4*r - v - 17, -2*r + w = -29. What is the highest common factor of 104 and r?
13
Suppose -f - 4 = -26. Calculate the greatest common factor of 11 and f.
11
Let o = 628 - 124. Suppose r - o = -3*r. Let w be (28/10)/(6/30). Calculate the highest common divisor of r and w.
14
Let l = 19 - 14. Let d be (-3 + l)/2*1. Let t be (21/2)/(-3)*-2. Calculate the greatest common divisor of t and d.
1
Let k be (12/15)/((-1)/(-5)). Suppose k*u - 255 = -u. Calculate the greatest common divisor of u and 34.
17
Suppose -2*h - 5*k + 226 = h, 0 = -3*h + 5*k + 206. What is the highest common divisor of 48 and h?
24
Let i(o) = -5*o - 7. Let h be i(-3). What is the highest common divisor of h and 16?
8
Let a = 61 + -13. Let v(g) = g**2 - 5*g - 2. Let d be v(6). Suppose -d*s - o + 94 = 30, 2*o - 80 = -5*s. What is the greatest common factor of a and s?
16
Suppose -3*a + 5*l - 24 = -2*a, -3*a + 28 = 5*l. Suppose -2*b + a = 3*g, -3*g + 8*g = 5*b - 40. What is the greatest common divisor of b and 10?
5
Let n be 1/(-2)*(-16)/2. Let x be (-1)/n + 675/12. Calculate the greatest common factor of x and 8.
8
Suppose 0 = -6*t + 36 + 12. Suppose -37 - t = -3*v. What is the highest common factor of 6 and v?
3
Suppose 5*w - m + 23 = 0, w - 4*m = 2*w - 8. Let j be (-3)/12*w - -131. Calculate the greatest common divisor of 12 and j.
12
Let t be (1122/(-12))/(1/(-2)). Suppose d - 5*d = 0. Suppose -4*y + 2*v + 64 = d, -2*y - 4*v - 23 + 65 = 0. Calculate the greatest common factor of t and y.
17
Let c(k) = -k**2 - 12*k - 6. Let v be c(-13). Let m = v + 27. What is the greatest common factor of m and 1?
1
Suppose 4*s = 7*s - 21. Suppose -7*u = -3*u - 224. Calculate the highest common factor of s and u.
7
Suppose 111 = a - 109. What is the highest common factor of 20 and a?
20
Let v(h) = -7*h + 3. Let t be v(-3). What is the highest common divisor of t and 8?
8
Suppose i = 3*w - 32, -5*i + 80 = -w + 6*w. Calculate the greatest common divisor of 36 and w.
12
Let c(y) = -y**2 - 3*y + 1. Let l be c(-2). Let h(o) = 8 - 2 - l*o + 4*o. Let w be h(-4). What is the highest common factor of w and 2?
2
Suppose -73 = -2*z - 13. Calculate the highest common divisor of 45 and z.
15
Let q be 8 - (-1 + (-2)/(-1)). Suppose -5*o = 3*i - 111, -q = -i - 3*o + 26. Calculate the greatest common factor of 105 and i.
21
Suppose 23*j - 40 = 19*j. Suppose 3*b - 5*t - 92 = 0, 3*b + 3*t = j + 122. Calculate the highest common factor of 26 and b.
13
Suppose 4*x = 92 + 232. Calculate the highest common divisor of 54 and x.
27
Suppose 2*l - 7*l = -5*b + 30, 5*b - l = 18. Suppose -413 = -b*z - 149. What is the greatest common factor of z and 8?
8
Let q(h) = -5*h - 2. Let n be q(-2). Suppose 0 = 4*s - n*s + 144. Calculate the greatest common factor of s and 4.
4
Let n = -58 - -139. Let t(w) = -3*w + 1. Let h be t(-1). Let u = 5 + h. What is the highest common factor of u and n?
9
Let l = -504 - -354. Let f be l/(-2) + (-3 - -6). What is the highest common factor of 26 and f?
26
Let g = 14 - 10. Suppose 5*s = -15, -2*s + 57 = m - s. Suppose g*j - m = j. What is the greatest common divisor of 50 and j?
10
Let g be 4/(-3)*(-15)/2. Let a = -11 + 13. Let s be (4*a)/(2/5). What is the greatest common factor of s and g?
10
Let s be (-36)/(-4 + 1) + 4. What is the highest common divisor of s and 144?
16
Let x be -2*2/(-8)*10. Let o(q) = -23*q + 166. Let m be o(7). Calculate the highest common divisor of x and m.
5
Suppose 5*s = -2*m - 8, -s - 4*m - 16 = 4*s. Suppose s*z - 46 = 2*z. Let o = 96 - z. What is the highest common factor of o and 17?
17
Suppose 7*i + 14 = 2*w + 4*i, i = -4*w + 14. Suppose -105 = -o - w*o. Suppose -6 + o = 3*q. Calculate the greatest common factor of q and 35.
5
Let s = 50 + 46. Calculate the greatest common divisor of 16 and s.
16
Let d = 16 - -30. Let m(z) = 2*z**3 - 2*z**2 - z + 69. Let v be m(0). What is the highest common divisor of v and d?
23
Suppose 0 = -3*b + 9 + 3. Let q be (-5*2)/((-2)/b). Let k be (-148)/(-18) - (-2)/(-9). What is the greatest common factor of k and q?
4
Let l = -4 + 7. Let i(q) = q**2 - 4*q + 3. Let m be i(l). Suppose x - 64 = -4*j - 2*x, -j - 4*x + 16 = m. What is the greatest common factor of j and 40?
8
Let q = -10 + 24. What is the greatest common divisor of q and 112?
14
Suppose 3 = -5*o + 43. Let q be (o/5)/(12/90). Calculate the highest common divisor of q and 24.
12
Let t = -34 - -82. Calculate the highest common divisor of 84 and t.
12
Let d = 6 - 4. Let j(s) = d - 1 - 6*s + 2. Let h be j(-7). Calculate the highest common divisor of 9 and h.
9
Suppose 2*y + j + 15 = 0, -9 = -0*y - y + 5*j. Let c be 1 - 4/y*3. Calculate the highest common divisor of 2 and c.
1
Suppose -o + 1 + 0 = 0. Let b = o + 3. Let n(s) = 11*s + 4. Let z be n(b). What is the greatest common divisor of 6 and z?
6
Let o(y) = y**3 + 16*y**2 + 14*y + 3. Suppose -r - 2*q + 3*q - 14 = 0, 2*r + 3*q = -33. Let b be o(r). Calculate the greatest common factor of b and 9.
9
Let k(q) be the first derivative of 2*q**3/3 - q + 1. Let d be k(1). Calculate the highest common factor of 11 and d.
1
Suppose 6*l - 7*l = -13. Suppose 2*p + 11 = 219. What is the greatest common factor of l and p?
13
Let n = -57 - -134. Let l be (2 - (-12)/8)/((-4)/(-8)). What is the greatest common divisor of n and l?
7
Suppose 6*g + 3*g = 1188. What is the highest common factor of g and 12?
12
Let d = 18 + -16. Suppose 20 = -i - d*a + 46, i = 4*a + 56. What is the greatest common factor of i and 4?
4
Let q be (-1 + (-34)/(-4))*4420/255. What is the greatest common divisor of q and 10?
10
Let v(g) = g**3 + 12*g**2 + 11*g + 4. Let i be v(-11). Let k be 146/3 - i/6. Let m be ((-2)/4)/((-1)/24). What is the highest common factor of k and m?
12
Let n(z) = 4*z**2 + 25*z - 5. Let l(v) = 3*v**2 + 17*v - 3. Let b(s) = 7*l(s) - 5*n(s). Let i be b(6). Calculate the highest common factor of i and 10.
2
Let s = 77 - 41. Let i be (-9)/(-3) + s - 4. What is the highest common factor of i and 7?
7
Suppose 3*i = -0*i + 426. Suppose 3*d - 4*r = 5*d - 52, i = 5*d + 4*r. Let u = 113 + -68. What is the highest common factor of u and d?
15
Let d be (16/(-3))/(2/(-9)). Let h be 5/10*(25 - 1). What is the greatest common factor of d and h?
12
Let a = -196 - -132. Let o = -16 - a. Suppose 0 = -3*u - 2*l + 79, -3*l = 4*u - 153 + o. What is the greatest common factor of 9 and u?
9
Let m(u) = u**3 + 26*u**2 + 45*u - 2. Let s be m(-24). Calculate the greatest common factor of 14 and s.
14
Let q = -3 - -8. Let m(h) = 6*h - 3*h**3 + 2*h**3 + 0*h**2 - 128 + 127 + 4*h**2. Let k be m(q). Calculate the greatest common divisor of k and 1.
1
Let f = -37 + 77. Calculate the greatest common factor of 100 and f.
20
Let a be (-1)/2 - 5/(-10). Suppose -z + c = -a*c - 11, -z + 41 = 5*c. Calculate the greatest common divisor of 112 and z.
16
Let z(w) = -w**3 - 4*w**2 - 4. Let r be z(-4). Let d be 30/r*(-8)/10. Let i be (-3)/d*-2*11. What is the greatest common divisor of i and 22?
11
Let t(a) = 5*a - 3. Let g be t(4). What is the highest common divisor of 68 and g?
17
Let u = -78 - -204. Suppose u = y + 2*y. What is the greatest common factor of y and 21?
21
Let x(s) = s**2 - 4*s - 3. Let f be x(7). What is the highe